-30 - 28 - 8*a - 3*a**2 + x*a**2 + 51. Give c(9).
2
Let h(z) = -8*z**2 - 2*z**3 - 2 + 3*z**3 - 8*z - 2*z**3. Suppose -2*q + 3170 = -6*b + b, 2*q = -4*b - 2554. Let s be b/60 + 2/(-5) - -5. Determine h(s).
-26
Let g(u) = -u - 34. Let k be (-4520)/2712*2/(4/30). Determine g(k).
-9
Let o(p) = 3*p**3 - 2*p**3 - 3*p**2 - 3 + 6. Suppose -2*d = 2*w - d - 2, 5*w + 1 = -4*d. Suppose -4*t + 5*t = w. Give o(t).
3
Suppose 2*v - 2*u = 0, -28*v + 31*v - 8*u = 5. Let y(g) = 107*g + 112. Determine y(v).
5
Let c(v) = v**3 - 49*v**2 + 358*v + 87. Let z be c(40). Let r(k) = k. Give r(z).
7
Let n(r) = r - 16. Let u be n(7). Let s = 16 + u. Suppose 0 = -h - s + 4. Let f(w) = w**3 + 3*w**2 - 3. What is f(h)?
-3
Let a = 1 + 5. Let f(k) be the first derivative of -4*k**3/3 + 9*k**2/2 + k + 101. Let c(z) = 11*z**2 - 27*z - 3. Let t(r) = a*c(r) + 17*f(r). Determine t(-6).
-19
Suppose -5*a + 24 = -4*m, -a + 3*m = 3*a - 19. Let r(l) = l**2 + 10*l - 42. Calculate r(a).
14
Let p(h) = 21*h**2 - 2*h - 1. Let t(s) be the first derivative of 4*s**2 - 33*s - 176. Let f be t(4). Determine p(f).
22
Let w(a) = -a**3 + 7*a**2 + 6*a - 4. Suppose -6*i - 4*h = -10*i + 100, 0 = -4*h - 16. Suppose -i*b = -183 + 15. Determine w(b).
-20
Let j be 2/4 + (-18)/(-12). Let t(d) = -1 + d + d + d - d**j. Suppose 2*r = -4*w - r + 10, -8 = -2*w - 3*r. Determine t(w).
1
Let h(o) = 3463*o - 213 - 1136*o - 1155*o - 1136*o. Give h(6).
3
Let j(y) = y + 1 - 37*y**2 + 1 + 34*y**2. Let p(q) = q**3 - 2*q**2 + 4*q. Let g be p(3). Suppose 4*b - 10 = -3*d, 5*b - 9 = 5*d + g. Determine j(d).
-12
Suppose 42*n + 9*n = 19*n + 224. Let m(h) = h + 30. Give m(n).
37
Let u(k) = 7*k**3 + 6*k**2 - 11*k - 1. Let f(j) = -4*j**3 - 3*j**2 + 7*j + 3. Let c(r) = -5*f(r) - 3*u(r). Give c(-3).
-6
Let u(f) = -2*f**2 + 51*f - 38. Suppose 1536 + 414 = 78*n. What is u(n)?
-13
Let o(n) = -14*n**3 - n + 2*n - 5*n**3 + 0*n - 2*n**2 + 20*n**3 - 2. Let i(u) = -u**2 + 2*u. Let m be i(2). Let k = m + 2. Give o(k).
0
Let h(t) be the third derivative of 1/3*t**3 + 2*t**2 + 0*t + 1/8*t**4 + 0. Let m = 406931 - 406934. Determine h(m).
-7
Suppose 510 = -152*g - 200*g - 5474. Let s(v) = v**2 + 20*v + 34. Give s(g).
-17
Let a = 135 + -134. Let m(q) = a - 169*q**3 - 170*q**3 - 8*q + 7*q**2 + 338*q**3. Calculate m(6).
-11
Let z(v) = -5*v**3 - 2*v**2 - v. Suppose 41*s + 5*l + 6 = 40*s, -4*l - 39 = -3*s. Let r(o) = 2*o**3 - 18*o**2 - 2*o + 17. Let m be r(s). Give z(m).
4
Let p(m) = m**3 - 4*m**2 - 11*m - 13. Suppose 2*s = 4*n - 18, 0 = -12*n + s + 104 - 35. What is p(n)?
-7
Let o be (63/(-36))/((-3)/24). Let x(n) = -o*n + 38*n - 16*n - 9 - 12*n. Suppose 2*l = -l - 18. Determine x(l).
15
Let w(p) = -p**3 + 6*p**2 + 3*p + 3. Suppose -100*q + 525 = -75. Determine w(q).
21
Let y(m) be the third derivative of 0*m - 56*m**2 + 2*m**3 - 1/24*m**4 + 0. What is y(7)?
5
Let f(s) be the second derivative of -1/360*s**6 + 1/2*s**3 + 0 + 0*s**4 + 0*s**2 + 19*s - 1/20*s**5. Let h(k) be the second derivative of f(k). What is h(-7)?
-7
Let p = 374 + -378. Let j(t) be the first derivative of -t**6/180 - 7*t**5/120 - 5*t**4/24 - t**3/3 - 5. Let g(i) be the third derivative of j(i). Give g(p).
-9
Let m(r) = -11*r**3 + r. Let p be m(-1). Let z(f) = -3*f + 5743. Let o(n) = n - 1641. Let l(i) = -7*o(i) - 2*z(i). What is l(p)?
-9
Let c(s) = -s**2 - 5*s + 1. Let b(v) = v**2 - 26*v + 67. Let w be b(24). Suppose w = -7*g - 16. What is c(g)?
1
Let a(r) = 2*r**2 - 13*r - 79. Suppose -163*f + 1397 + 233 = 0. Give a(f).
-9
Suppose -3*f + 5*f + 22 = 0. Let i(a) be the third derivative of a**6/120 + a**5/5 + 11*a**4/24 + 7*a**3/6 - 1120*a**2. Determine i(f).
7
Suppose 5*z - 3*y = 6, 5*y - 1 - 17 = -z. Let k(l) = 5*l**2 + 1705*l**3 - l - 1706*l**z + 4 - 4*l. Determine k(3).
7
Let v(u) = 9*u**2 + 8*u - 9. Let h(i) = 14*i**2 + 9*i - 10. Let y(b) = 3*h(b) - 4*v(b). Calculate y(3).
45
Let f(l) = 4*l**2 + l + 10. Let n(z) be the third derivative of 13*z**5/60 + z**4/8 + 9*z**3/2 + 16*z**2 + 5*z. Let a(q) = -8*f(q) + 3*n(q). Calculate a(-1).
7
Let c(b) be the first derivative of -b**4/4 + 5*b**3/3 + 2*b**2 + 5*b + 3. Let o(x) = -8*x - 123. Let u be o(-16). Calculate c(u).
25
Let f be (-46)/6 + ((-8)/3)/8. Let p = -5 - f. Let k(i) = -i**3 + i**2 + 2*i + 4. Let o(t) = t**3 - t**2 - 3*t - 5. Let u(q) = p*o(q) + 4*k(q). Determine u(2).
-5
Let u(z) = -2*z - 281311 + 562618 + 0*z - 281305. Let s(b) = -b**3 - 3*b**2 - 4*b - 4. Let m be s(-3). Suppose -i - 3*i = m. Calculate u(i).
6
Suppose -199*c + 210 = -184*c. Let r(m) = m**3 - 14*m**2 + m - 14. What is r(c)?
0
Suppose -5*a - 44 = -3*f + 20, 0 = -3*a - 3*f. Let z(u) = -u**2 + 3*u + 14. What is z(a)?
-74
Let d be (310/25 - 4)/((-1)/5). Let o be (d/(-9))/(-7)*-24. Let j(t) = -o*t**2 - 6*t**3 + t**3 + t**3 + 15*t**2. Determine j(1).
-5
Let h(c) be the first derivative of -c**4/4 - 2*c**3/3 + 4*c - 4. Let s be h(0). Let g(o) = o**2 + o**2 - s*o**2 + 3*o**2 + 2. Give g(0).
2
Let c be (-2)/8 - 1014/(-24). Let k = 45 - c. Let w(h) = -8*h**k + 2 + 3*h**3 + 4*h**3 + 4*h - 2*h**2. Determine w(-3).
-1
Suppose 0 = -12*c - 1602 + 1362. Let f(g) = -4*g**2 - 77*g + 68. Calculate f(c).
8
Let p(s) = 103*s**2 + s**3 + 8*s + 95*s**2 - 9 - 2 - 1 - 187*s**2. Calculate p(-10).
8
Let o(g) = -1 + 3*g + 3 - 2 - 1 - 1. Let v(t) = -2*t + 1. Let z(n) = 5*o(n) + 6*v(n). Calculate z(5).
11
Let t(o) = -4*o**2 + 22*o - 8. Let j be t(5). Let m(c) = -26*c**j - 2*c - c + 28*c**2. Let v(k) = 5*k**2 - 6*k. Let h(w) = -7*m(w) + 3*v(w). Determine h(-4).
4
Let h(y) be the second derivative of -7*y**3/6 - y**2 - 173*y - 1. Calculate h(7).
-51
Let m(w) = w + 6*w**2 - 19*w**2 + w + 12*w**2 - 3*w**3. What is m(1)?
-2
Let l(t) = -8*t**3 - 12*t**2 - 5 + 29*t - 14 - 8*t + 9*t**3 + 7. Calculate l(10).
-2
Let c(v) = -3*v**2. Let y(l) = 17*l**2 + l + 23. Let h(o) = 6*c(o) + y(o). Let r(f) = -2*f. Let p(i) = -h(i) - r(i). Give p(0).
-23
Let o(a) be the first derivative of a**4/4 - 23*a**3/3 - 23*a**2/2 - 50*a - 995. Give o(24).
-26
Let p(y) = 9*y + 25. Let o(h) = -8*h - 22. Let z(u) = -7*o(u) - 6*p(u). Let a = -11 + 14. Suppose -1 = l - 3*g + 4*g, -9 = l + a*g. Give z(l).
10
Suppose 0*j = 6*j. Let y be 1 + (8 - (4 - 0)) + -2. Let c(h) = 2 - 6*h + 2 + j - y. What is c(3)?
-17
Let p(i) = -11*i - 4*i + 6*i**2 - i**2 - 10 + 4*i. Suppose 9*d + 30 = -24. Let o(u) = -4*u**2 + 10*u + 9. Let r(s) = d*p(s) - 7*o(s). Determine r(-2).
-3
Let j(d) be the first derivative of d**4/4 + 4*d**3/3 - 4*d**2 - 10*d + 607. What is j(-5)?
5
Let d(a) be the third derivative of -1/3*a**3 + 0 + 0*a - 51*a**2 + 1/120*a**6 - 7/60*a**5 + 1/12*a**4. Calculate d(7).
12
Let i(q) be the first derivative of -q**4/24 - 3*q**3/2 - 23*q**2/2 + q - 12. Let y(u) be the second derivative of i(u). What is y(8)?
-17
Let s(m) be the second derivative of m**8/6720 - m**7/360 - m**6/120 - m**5/15 - 25*m**4/6 - 2*m - 12. Let a(p) be the third derivative of s(p). What is a(8)?
8
Let p(x) = 5*x + 22. Let z(t) = -t**3 + 50*t**2 + 52*t - 56. Suppose i + 52 = v, -200*v + i = -204*v + 203. Let m be z(v). What is p(m)?
-3
Suppose -34*q - 54 = 82. Let b(s) = s - 9. Let u(w) = 2*w - 16. Let k(z) = 11*b(z) - 6*u(z). Give k(q).
1
Suppose -5*f + 17 = -r, 5*r - 31 = -6*f + 2*f. Suppose 4*m = 2*n + 5*m + 17, -f*m = -3*n - 9. Let y(b) = -2*b + 10. Give y(n).
24
Let c(x) = -429*x + 2 + 35 + 891*x + 2 - 447*x + x**2. What is c(-5)?
-11
Suppose -16*n - 408 = -13*n. Let p be (-22)/121 - n/22. Let x(z) be the second derivative of -z**4/12 + z**3 + 2*z**2 - 94*z. Give x(p).
4
Let h(s) be the third derivative of s**5/60 + 3*s**4/4 + 23*s**3/6 + s**2 - 42*s. What is h(-16)?
-9
Let x(n) = -3*n**3 - 1. Suppose -2*c - c - 3*u = -156, -4*c + 248 = -4*u. Suppose -3 = c*v - 54*v. Calculate x(v).
2
Let u = 63 + -51. Suppose u*p = 6*p - 48. Let i(a) = -a**3 - 8*a**2 - 2*a - 2. What is i(p)?
14
Let w(n) = -n**3 - n**2 + 3*n + 4. Let b be w(-2). Let r(q) = q + 3*q + q**b - 2 - 3*q. Calculate r(0).
-2
Let b(u) be the third derivative of u**4/6 + u**3/3 - 321*u**2. Calculate b(9).
38
Let b(x) = -14*x + 70. Let u(g) = -43*g + 1123. Let f be u(26). Determine b(f).
0
Let g(s) = -s - 1. Let r(i) = 57 + 71 - 132 + 6*i. Let x(q) = -8*g(q) - r(q). Let t be ((-2)/(-4))/((-4)/48). Give x(t).
0
Let x(a) be the third derivative of 0*a + 1 - 48*a**2 + 1/3*a**4 + 1/60*a**5 - 3/2*